{"id":175,"date":"2019-08-17T20:02:56","date_gmt":"2019-08-17T20:02:56","guid":{"rendered":"http:\/\/vario-hsi.de\/?page_id=175"},"modified":"2019-10-02T16:28:29","modified_gmt":"2019-10-02T16:28:29","slug":"sanitaer","status":"publish","type":"page","link":"http:\/\/vario-hsi.de\/?page_id=175","title":{"rendered":"Sanit\u00e4r"},"content":{"rendered":"<div id=\"dslc-content\" class=\"dslc-content dslc-clearfix\"><div id=\"dslc-main\">\n\t\t<div  class=\"dslc-modules-section \" style=\"\" data-section-id=\"8762f0f7632\">\n\t\t\t\t\n\t\t\t\t\n\t\t\t\t<div class=\"dslc-modules-section-wrapper dslc-clearfix\"><div class=\"dslc-modules-area dslc-col dslc-12-col dslc-last-col\" data-size=\"12\">\n\t\t<div id=\"dslc-module-6f466006cbc\" class=\"dslc-module-front dslc-module-DSLC_Text_Simple dslc-in-viewport-check dslc-in-viewport-anim-none  dslc-col dslc-6-col  dslc-module-handle-like-regular \" data-module-id=\"6f466006cbc\" data-module=\"DSLC_Text_Simple\" data-dslc-module-size=\"6\" data-dslc-anim=\"none\" data-dslc-anim-delay=\"\" data-dslc-anim-duration=\"650\"  data-dslc-anim-easing=\"ease\" data-dslc-preset=\"none\" >\n\n\t\t\t\n\t\t\t\n\t\t\n\t\t<div class=\"dslc-text-module-content\">\n\t\t\t<h3><span style=\"color: #004d8b;\"><strong>Beratungs- und Planungsarbeiten<\/strong><\/span><\/h3><h4><strong>Installation<\/strong><\/h4><ul><li><h5>Neubau, Modernisierung und Umbau von B\u00e4dern<\/h5><\/li><li><h5>Umbauarbeiten zum barrierefreien Bad<\/h5><\/li><li><h5>Erneuerung einzelner Komponenten der Sanit\u00e4rinstallation<\/h5><\/li><li><h5>Instandsetzung von Rohr-\/Sanit\u00e4rleitungen<\/h5><\/li><\/ul><h5><img class=\"alignnone wp-image-320 \" src=\"http:\/\/vario-hsi.de\/wp-content\/uploads\/2019\/10\/IMG_7044-1024x471.jpg\" alt=\"\" width=\"537\" height=\"247\"><\/h5><h3><span style=\"color: #004d8b;\"><strong>Reparatur \/ Austausch<\/strong><\/span><\/h3><h4>Reparatur oder ggf. Austausch einzelner Bestandteile von:<\/h4><ul><li><h5>Sp\u00fclk\u00e4sten (Vorwand bzw. Aufputz)<\/h5><\/li><li><h5>Armaturen an Wannen-, Dusch- und Waschtischanlagen<\/h5><\/li><li><h5>Bidets, Toiletten<\/h5><\/li><\/ul><h5><strong>\u00dcberpr\u00fcfung und Instandsetzung von Rohr-\/Sanit\u00e4rleitungen<\/strong><\/h5>\t\t<\/div>\n\n\t\t\n\t\t\t\t<\/div><!-- .dslc-module -->\n\t\t\n\t\t<div id=\"dslc-module-35c58244d7b\" class=\"dslc-module-front dslc-module-DSLC_Text_Simple dslc-in-viewport-check dslc-in-viewport-anim-none  dslc-col dslc-6-col dslc-last-col  dslc-module-handle-like-regular \" data-module-id=\"35c58244d7b\" data-module=\"DSLC_Text_Simple\" data-dslc-module-size=\"6\" data-dslc-anim=\"none\" data-dslc-anim-delay=\"\" data-dslc-anim-duration=\"650\"  data-dslc-anim-easing=\"ease\" data-dslc-preset=\"none\" >\n\n\t\t\t\n\t\t\t\n\t\t\n\t\t<div class=\"dslc-text-module-content\">\n\t\t\t<p><img class=\"alignnone  wp-image-151\" src=\"http:\/\/vario-hsi.de\/wp-content\/uploads\/2019\/08\/WP_20190329_12_24_28_Pro-2-300x169.jpg\" alt=\"\" width=\"403\" height=\"227\"><img class=\" wp-image-145 alignleft\" src=\"http:\/\/vario-hsi.de\/wp-content\/uploads\/2019\/08\/WP_20190329_11_48_08_Pro-169x300.jpg\" alt=\"\" width=\"198\" height=\"351\"><\/p><p><img class=\"alignnone  wp-image-324\" style=\"font-size: 16px;\" src=\"http:\/\/vario-hsi.de\/wp-content\/uploads\/2019\/10\/IMG_7072-225x300.jpg\" alt=\"\" width=\"322\" height=\"429\"><\/p><p><img class=\"alignnone  wp-image-321\" src=\"http:\/\/vario-hsi.de\/wp-content\/uploads\/2019\/10\/IMG_7062-300x180.jpg\" alt=\"\" width=\"492\" height=\"295\"><\/p>\t\t<\/div>\n\n\t\t\n\t\t\t\t<\/div><!-- .dslc-module -->\n\t\t<\/div><\/div><\/div><\/div><\/div>","protected":false},"excerpt":{"rendered":"<p>Beratungs- und PlanungsarbeitenInstallationNeubau, Modernisierung und Umbau von B\u00e4dernUmbauarbeiten zum barrierefreien BadErneuerung einzelner Komponenten der Sanit\u00e4rinstallationInstandsetzung von Rohr-\/Sanit\u00e4rleitungenReparatur \/ AustauschReparatur oder ggf. Austausch einzelner Bestandteile von:Sp\u00fclk\u00e4sten (Vorwand bzw. Aufputz)Armaturen an Wannen-, Dusch- und WaschtischanlagenBidets, Toiletten\u00dcberpr\u00fcfung und Instandsetzung von Rohr-\/Sanit\u00e4rleitungen<\/p>\n","protected":false},"author":1,"featured_media":0,"parent":0,"menu_order":0,"comment_status":"closed","ping_status":"closed","template":"page-fullwidth.php","meta":[],"featured_image_src":null,"featured_image_src_square":null,"_links":{"self":[{"href":"http:\/\/vario-hsi.de\/index.php?rest_route=\/wp\/v2\/pages\/175"}],"collection":[{"href":"http:\/\/vario-hsi.de\/index.php?rest_route=\/wp\/v2\/pages"}],"about":[{"href":"http:\/\/vario-hsi.de\/index.php?rest_route=\/wp\/v2\/types\/page"}],"author":[{"embeddable":true,"href":"http:\/\/vario-hsi.de\/index.php?rest_route=\/wp\/v2\/users\/1"}],"replies":[{"embeddable":true,"href":"http:\/\/vario-hsi.de\/index.php?rest_route=%2Fwp%2Fv2%2Fcomments&post=175"}],"version-history":[{"count":2,"href":"http:\/\/vario-hsi.de\/index.php?rest_route=\/wp\/v2\/pages\/175\/revisions"}],"predecessor-version":[{"id":311,"href":"http:\/\/vario-hsi.de\/index.php?rest_route=\/wp\/v2\/pages\/175\/revisions\/311"}],"wp:attachment":[{"href":"http:\/\/vario-hsi.de\/index.php?rest_route=%2Fwp%2Fv2%2Fmedia&parent=175"}],"curies":[{"name":"wp","href":"https:\/\/api.w.org\/{rel}","templated":true}]}}